{"id":580,"date":"2014-02-11T21:04:26","date_gmt":"2014-02-11T21:04:26","guid":{"rendered":"https:\/\/www.cadschwanner.de\/?page_id=580"},"modified":"2023-11-13T10:18:25","modified_gmt":"2023-11-13T10:18:25","slug":"acad-bau-6","status":"publish","type":"page","link":"https:\/\/www.cadschwanner.de\/?page_id=580","title":{"rendered":"ACAD-BAU 18"},"content":{"rendered":"<div class=\"art-content-layout\"><a href=\"https:\/\/www.cadschwanner.de\/wp-content\/uploads\/2016\/02\/acb_logo.png\"><img loading=\"lazy\" decoding=\"async\" class=\"aligncenter  wp-image-800\" src=\"https:\/\/www.cadschwanner.de\/wp-content\/uploads\/2016\/02\/acb_logo-300x94.png\" alt=\"\" width=\"176\" height=\"55\" srcset=\"https:\/\/www.cadschwanner.de\/wp-content\/uploads\/2016\/02\/acb_logo-300x94.png 300w, https:\/\/www.cadschwanner.de\/wp-content\/uploads\/2016\/02\/acb_logo-768x240.png 768w, https:\/\/www.cadschwanner.de\/wp-content\/uploads\/2016\/02\/acb_logo.png 800w\" sizes=\"auto, (max-width: 176px) 100vw, 176px\" \/><\/a><\/div>\r\n<h2 class=\"art-content-layout\" style=\"text-align: center;\"><span style=\"font-family: Verdana, Geneva; font-size: 10pt;\">\u00a0ACAD-BAU\u00a0 jetzt noch leistungsf\u00e4higer!<\/span><\/h2>\r\n<ul>\r\n<li><span style=\"font-size: 10pt;\">Neben einer nochmals verbesserten Oberfl\u00e4che, wurden in der Version 18 Arbeitsrahmen eingef\u00fchrt, mit denen Planauschnitte festgelegt werden k\u00f6nnen. Diese Arbeitsrahmen k\u00f6nnen f\u00fcr das Layout sowie im Modell verwendet werden.<\/span><\/li>\r\n<li><span style=\"font-size: 10pt;\">Die Ebenensteuerung wurde \u00fcberarbeitet um z.b lichte Raumh\u00f6hen als Bezugsma\u00df angeben zu k\u00f6nnen.<\/span><\/li>\r\n<li><span style=\"font-size: 10pt;\">Die Ebenensichtbarkeiten wurden erheblich erweitert, um sogenannte \u00dcberschreibungen. In den verschiedenen Sichtbarkeiten, kann sich so z.B eine Wand v\u00f6llig anders darstellen (Schraffur, Linientyp , Farbe, etc)<\/span><\/li>\r\n<li><span style=\"font-size: 10pt;\">Die Layoutfunktionen wurden noch anwenderfreundlicher gestaltet.<\/span><br \/><span style=\"font-size: 10pt;\">So k\u00f6nnen schattierte oder realistische Ansichten nun direkt eingef\u00fcgt werden. Weiterhin kann die Ansichtsfenstergr\u00f6\u00dfe auf die Arbeitsgrenzen festgelegt werden oder Ausschnitte aus Arbeitsrahmen k\u00f6nnen verwendet werden.<\/span><\/li>\r\n<li><span style=\"font-size: 10pt;\">Ansichten und Schnitte k\u00f6nnen nun noch einfacher eingef\u00fcgt werden. Dabei k\u00f6nnen mit einem Aufruf z.B alle 4 Ansichten eines Geb\u00e4udes gleichzeitig eingef\u00fcgt werden.<\/span><\/li>\r\n<li><span style=\"font-size: 10pt;\">Die Sichtbarkeiten wurden um neue Features erg\u00e4nzt<\/span><\/li>\r\n<\/ul>\r\n<p style=\"text-align: center;\"><span style=\"font-size: 10pt;\">Wir erstellen Ihnen gerne ein Angebot \u00fcber Bricscad\u00a0 und oder ACAD-BAU. Jeder Kunde erh\u00e4lt Zugang zum cadschwanner Kundencenter mit vielen Tutorials und Arbeitshilfen<\/span><\/p>\r\n<p><span style=\"font-size: 10pt;\">\u00a0<\/span><\/p>\r\n<h2 class=\"art-content-layout\" style=\"text-align: center;\"><span style=\"font-family: Verdana, Geneva; font-size: 10pt;\"><a href=\"http:\/\/www.acad-bau.de\/\" target=\"_blank\" rel=\"noopener noreferrer\">ACAD-BAU\u00a0<\/a> jetzt\u00a0auf <a href=\"https:\/\/bricscad-deutschland.de\/\" target=\"_blank\" rel=\"noopener noreferrer\">Bricscad 23<\/a>!<\/span><\/h2>\r\n\r\n<figure class=\"wp-block-gallery columns-3 is-cropped wp-block-gallery-1 is-layout-flex wp-block-gallery-is-layout-flex\">\r\n<ul class=\"blocks-gallery-grid\">\r\n<li class=\"blocks-gallery-item\">\r\n<figure><a href=\"https:\/\/www.cadschwanner.de\/wp-content\/uploads\/2019\/03\/acb-001-1.png\"><img loading=\"lazy\" decoding=\"async\" width=\"1008\" height=\"627\" class=\"wp-image-1145\" src=\"https:\/\/www.cadschwanner.de\/wp-content\/uploads\/2019\/03\/acb-001-1.png\" alt=\"\" data-id=\"1145\" data-link=\"https:\/\/www.cadschwanner.de\/?attachment_id=1145\" srcset=\"https:\/\/www.cadschwanner.de\/wp-content\/uploads\/2019\/03\/acb-001-1.png 1008w, https:\/\/www.cadschwanner.de\/wp-content\/uploads\/2019\/03\/acb-001-1-300x187.png 300w, https:\/\/www.cadschwanner.de\/wp-content\/uploads\/2019\/03\/acb-001-1-768x478.png 768w\" sizes=\"auto, (max-width: 1008px) 100vw, 1008px\" \/><\/a><\/figure>\r\n<\/li>\r\n<li class=\"blocks-gallery-item\">\r\n<figure><a href=\"https:\/\/www.cadschwanner.de\/wp-content\/uploads\/2019\/03\/acb-002-1-1024x457.png\"><img loading=\"lazy\" decoding=\"async\" width=\"1024\" height=\"457\" class=\"wp-image-1146\" src=\"https:\/\/www.cadschwanner.de\/wp-content\/uploads\/2019\/03\/acb-002-1-1024x457.png\" alt=\"\" data-id=\"1146\" data-link=\"https:\/\/www.cadschwanner.de\/?attachment_id=1146\" srcset=\"https:\/\/www.cadschwanner.de\/wp-content\/uploads\/2019\/03\/acb-002-1-1024x457.png 1024w, https:\/\/www.cadschwanner.de\/wp-content\/uploads\/2019\/03\/acb-002-1-300x134.png 300w, https:\/\/www.cadschwanner.de\/wp-content\/uploads\/2019\/03\/acb-002-1-768x343.png 768w, https:\/\/www.cadschwanner.de\/wp-content\/uploads\/2019\/03\/acb-002-1.png 1225w\" sizes=\"auto, (max-width: 1024px) 100vw, 1024px\" \/><\/a><\/figure>\r\n<\/li>\r\n<li class=\"blocks-gallery-item\">\r\n<figure><a href=\"https:\/\/www.cadschwanner.de\/wp-content\/uploads\/2019\/03\/acb-003-1.png\"><img loading=\"lazy\" decoding=\"async\" width=\"1011\" height=\"673\" class=\"wp-image-1147\" src=\"https:\/\/www.cadschwanner.de\/wp-content\/uploads\/2019\/03\/acb-003-1.png\" alt=\"\" data-id=\"1147\" data-link=\"https:\/\/www.cadschwanner.de\/?attachment_id=1147\" srcset=\"https:\/\/www.cadschwanner.de\/wp-content\/uploads\/2019\/03\/acb-003-1.png 1011w, https:\/\/www.cadschwanner.de\/wp-content\/uploads\/2019\/03\/acb-003-1-300x200.png 300w, https:\/\/www.cadschwanner.de\/wp-content\/uploads\/2019\/03\/acb-003-1-768x511.png 768w, https:\/\/www.cadschwanner.de\/wp-content\/uploads\/2019\/03\/acb-003-1-930x620.png 930w\" sizes=\"auto, (max-width: 1011px) 100vw, 1011px\" \/><\/a><\/figure>\r\n<\/li>\r\n<li class=\"blocks-gallery-item\">\r\n<figure><a href=\"https:\/\/www.cadschwanner.de\/wp-content\/uploads\/2019\/03\/acb-004-1.png\"><img loading=\"lazy\" decoding=\"async\" width=\"960\" height=\"521\" class=\"wp-image-1148\" src=\"https:\/\/www.cadschwanner.de\/wp-content\/uploads\/2019\/03\/acb-004-1.png\" alt=\"\" data-id=\"1148\" data-link=\"https:\/\/www.cadschwanner.de\/?attachment_id=1148\" srcset=\"https:\/\/www.cadschwanner.de\/wp-content\/uploads\/2019\/03\/acb-004-1.png 960w, https:\/\/www.cadschwanner.de\/wp-content\/uploads\/2019\/03\/acb-004-1-300x163.png 300w, https:\/\/www.cadschwanner.de\/wp-content\/uploads\/2019\/03\/acb-004-1-768x417.png 768w\" sizes=\"auto, (max-width: 960px) 100vw, 960px\" \/><\/a><\/figure>\r\n<\/li>\r\n<li class=\"blocks-gallery-item\">\r\n<figure><a href=\"https:\/\/www.cadschwanner.de\/wp-content\/uploads\/2019\/03\/acb-005-1.png\"><img loading=\"lazy\" decoding=\"async\" width=\"675\" height=\"434\" class=\"wp-image-1149\" src=\"https:\/\/www.cadschwanner.de\/wp-content\/uploads\/2019\/03\/acb-005-1.png\" alt=\"\" data-id=\"1149\" data-link=\"https:\/\/www.cadschwanner.de\/?attachment_id=1149\" srcset=\"https:\/\/www.cadschwanner.de\/wp-content\/uploads\/2019\/03\/acb-005-1.png 675w, https:\/\/www.cadschwanner.de\/wp-content\/uploads\/2019\/03\/acb-005-1-300x193.png 300w\" sizes=\"auto, (max-width: 675px) 100vw, 675px\" \/><\/a><\/figure>\r\n<\/li>\r\n<li class=\"blocks-gallery-item\">\r\n<figure><a href=\"https:\/\/www.cadschwanner.de\/wp-content\/uploads\/2019\/03\/acb-006-1.png\"><img loading=\"lazy\" decoding=\"async\" width=\"495\" height=\"716\" class=\"wp-image-1150\" src=\"https:\/\/www.cadschwanner.de\/wp-content\/uploads\/2019\/03\/acb-006-1.png\" alt=\"\" data-id=\"1150\" data-link=\"https:\/\/www.cadschwanner.de\/?attachment_id=1150\" srcset=\"https:\/\/www.cadschwanner.de\/wp-content\/uploads\/2019\/03\/acb-006-1.png 495w, https:\/\/www.cadschwanner.de\/wp-content\/uploads\/2019\/03\/acb-006-1-207x300.png 207w\" sizes=\"auto, (max-width: 495px) 100vw, 495px\" \/><\/a><\/figure>\r\n<\/li>\r\n<li class=\"blocks-gallery-item\">\r\n<figure><a href=\"https:\/\/www.cadschwanner.de\/wp-content\/uploads\/2019\/03\/acb-007-1024x493.png\"><img loading=\"lazy\" decoding=\"async\" width=\"1024\" height=\"493\" class=\"wp-image-1151\" src=\"https:\/\/www.cadschwanner.de\/wp-content\/uploads\/2019\/03\/acb-007-1024x493.png\" alt=\"\" data-id=\"1151\" data-link=\"https:\/\/www.cadschwanner.de\/?attachment_id=1151\" srcset=\"https:\/\/www.cadschwanner.de\/wp-content\/uploads\/2019\/03\/acb-007-1024x493.png 1024w, https:\/\/www.cadschwanner.de\/wp-content\/uploads\/2019\/03\/acb-007-300x144.png 300w, https:\/\/www.cadschwanner.de\/wp-content\/uploads\/2019\/03\/acb-007-768x370.png 768w, https:\/\/www.cadschwanner.de\/wp-content\/uploads\/2019\/03\/acb-007.png 1301w\" sizes=\"auto, (max-width: 1024px) 100vw, 1024px\" \/><\/a><\/figure>\r\n<\/li>\r\n<li class=\"blocks-gallery-item\">\r\n<figure><a href=\"https:\/\/www.cadschwanner.de\/wp-content\/uploads\/2019\/03\/acb-008-1024x516.png\"><img loading=\"lazy\" decoding=\"async\" width=\"1024\" height=\"516\" class=\"wp-image-1152\" src=\"https:\/\/www.cadschwanner.de\/wp-content\/uploads\/2019\/03\/acb-008-1024x516.png\" alt=\"\" data-id=\"1152\" data-link=\"https:\/\/www.cadschwanner.de\/?attachment_id=1152\" srcset=\"https:\/\/www.cadschwanner.de\/wp-content\/uploads\/2019\/03\/acb-008-1024x516.png 1024w, https:\/\/www.cadschwanner.de\/wp-content\/uploads\/2019\/03\/acb-008-300x151.png 300w, https:\/\/www.cadschwanner.de\/wp-content\/uploads\/2019\/03\/acb-008-768x387.png 768w, https:\/\/www.cadschwanner.de\/wp-content\/uploads\/2019\/03\/acb-008.png 1418w\" sizes=\"auto, (max-width: 1024px) 100vw, 1024px\" \/><\/a><\/figure>\r\n<\/li>\r\n<\/ul>\r\n<\/figure>\r\n","protected":false},"excerpt":{"rendered":"<p>\u00a0ACAD-BAU\u00a0 jetzt noch leistungsf\u00e4higer! Neben einer nochmals verbesserten Oberfl\u00e4che, wurden in der Version 18 Arbeitsrahmen eingef\u00fchrt, mit denen Planauschnitte festgelegt werden k\u00f6nnen. Diese Arbeitsrahmen k\u00f6nnen f\u00fcr das Layout sowie im Modell verwendet werden. Die Ebenensteuerung wurde \u00fcberarbeitet um z.b lichte Raumh\u00f6hen als Bezugsma\u00df angeben zu k\u00f6nnen. Die Ebenensichtbarkeiten wurden erheblich erweitert, um sogenannte \u00dcberschreibungen. In&hellip;&nbsp;<a href=\"https:\/\/www.cadschwanner.de\/?page_id=580\" class=\"\" rel=\"bookmark\">Weiterlesen &raquo;<span class=\"screen-reader-text\">ACAD-BAU 18<\/span><\/a><\/p>\n","protected":false},"author":1,"featured_media":876,"parent":0,"menu_order":2,"comment_status":"closed","ping_status":"closed","template":"","meta":{"_monsterinsights_skip_tracking":false,"_monsterinsights_sitenote_active":false,"_monsterinsights_sitenote_note":"","_monsterinsights_sitenote_category":0,"_uf_show_specific_survey":0,"_uf_disable_surveys":false,"neve_meta_sidebar":"","neve_meta_container":"","neve_meta_enable_content_width":"off","neve_meta_content_width":100,"neve_meta_title_alignment":"","neve_meta_author_avatar":"","neve_post_elements_order":"","neve_meta_disable_header":"","neve_meta_disable_footer":"","neve_meta_disable_title":"","footnotes":""},"class_list":["post-580","page","type-page","status-publish","has-post-thumbnail","hentry"],"_links":{"self":[{"href":"https:\/\/www.cadschwanner.de\/index.php?rest_route=\/wp\/v2\/pages\/580","targetHints":{"allow":["GET"]}}],"collection":[{"href":"https:\/\/www.cadschwanner.de\/index.php?rest_route=\/wp\/v2\/pages"}],"about":[{"href":"https:\/\/www.cadschwanner.de\/index.php?rest_route=\/wp\/v2\/types\/page"}],"author":[{"embeddable":true,"href":"https:\/\/www.cadschwanner.de\/index.php?rest_route=\/wp\/v2\/users\/1"}],"replies":[{"embeddable":true,"href":"https:\/\/www.cadschwanner.de\/index.php?rest_route=%2Fwp%2Fv2%2Fcomments&post=580"}],"version-history":[{"count":44,"href":"https:\/\/www.cadschwanner.de\/index.php?rest_route=\/wp\/v2\/pages\/580\/revisions"}],"predecessor-version":[{"id":1430,"href":"https:\/\/www.cadschwanner.de\/index.php?rest_route=\/wp\/v2\/pages\/580\/revisions\/1430"}],"wp:featuredmedia":[{"embeddable":true,"href":"https:\/\/www.cadschwanner.de\/index.php?rest_route=\/wp\/v2\/media\/876"}],"wp:attachment":[{"href":"https:\/\/www.cadschwanner.de\/index.php?rest_route=%2Fwp%2Fv2%2Fmedia&parent=580"}],"curies":[{"name":"wp","href":"https:\/\/api.w.org\/{rel}","templated":true}]}}