{"id":581,"date":"2014-02-11T21:04:27","date_gmt":"2014-02-11T21:04:27","guid":{"rendered":"https:\/\/www.cadschwanner.de\/?page_id=581"},"modified":"2025-10-30T12:20:48","modified_gmt":"2025-10-30T12:20:48","slug":"bricscad-5","status":"publish","type":"page","link":"https:\/\/www.cadschwanner.de\/?page_id=581","title":{"rendered":"Bricscad 26"},"content":{"rendered":"<div class=\"wp-block-image\">\n<figure class=\"aligncenter is-resized\"><img decoding=\"async\" src=\"https:\/\/www.cadschwanner.de\/wp-content\/uploads\/2014\/02\/bricscad-v131.png\" alt=\"\" class=\"wp-image-430\" style=\"width:71px;height:85px\"\/><\/figure>\n<\/div>\n\n<div class=\"art-content-layout\">\n<div class=\"art-content-layout-row\">\n<div class=\"art-layout-cell\" style=\"width: 75%;\">\n<p><a href=\"https:\/\/www.bricsys.com\/de-de\/bricscad-download\" target=\"_blank\" rel=\"noopener\"><span style=\"font-size: 24pt;\"><span style=\"font-family: Verdana, Geneva;\">Bricscad V26<\/span><\/span><\/a><\/p>\n<hr \/>\n<p><span style=\"font-size: 10pt;\">Voll funktionsf\u00e4hige .dwg CAD Software mit fortschrittlichen 2D \/3D Werkzeugen.<\/span><\/p>\n<p><span style=\"font-family: Verdana, Geneva; font-size: 10pt;\">Die BricsCAD\u00ae-Software funktioniert reibungslos in gemischten Umgebungen und bietet <\/span><span style=\"font-family: Verdana, Geneva; font-size: 10pt;\">Anwendern eine sehr \u00fcbersichtliche Benutzeroberfl\u00e4che, die f\u00fcr reibungslose Koexistenz <\/span><span style=\"font-family: Verdana, Geneva; font-size: 10pt;\">oder einfachen \u00dcbergang sorgt. Die vertraute Benutzeroberfl\u00e4che enth\u00e4lt einheitliche Namen<\/span><br \/><span style=\"font-family: Verdana, Geneva; font-size: 10pt;\"> f\u00fcr Befehle und Variablen, und vertraute Tastatureingaben f\u00fcr Verkn\u00fcpfungen. Standard-<\/span><span style=\"font-family: Verdana, Geneva; font-size: 10pt;\">Templates, Baustein-Bibliotheken, Linientypen und Schriftarten des Unternehmens k\u00f6nnen<\/span><br \/><span style=\"font-family: Verdana, Geneva; font-size: 10pt;\"> verwendet werden. Die Software arbeitet wie erwartet, so dass keine Umschulung erforderlich ist.<\/span><\/p>\n<p><span style=\"font-family: Verdana, Geneva;\">\u00a0<\/span><\/p>\n<p><span style=\"font-family: Verdana, Geneva; font-size: 10pt;\">Die Weiterentwicklung der Benutzerschnittstelle<\/span><br \/><span style=\"font-family: Verdana, Geneva; font-size: 10pt;\"> beinhaltet das Zeichendashboard, eine <\/span><span style=\"font-family: Verdana, Geneva; font-size: 10pt;\">zentralisierte Verwaltung aller Zeichnungs-Meta-<\/span><span style=\"font-family: Verdana, Geneva; font-size: 10pt;\">Daten wie Layer, Stile, rfs, etc. Der intelligente <\/span><span style=\"font-family: Verdana, Geneva; font-size: 10pt;\">Quad Cursor, eine zum Patent angemeldeten <\/span><span style=\"font-family: Verdana, Geneva; font-size: 10pt;\">BricsCAD Innovation, bietet die am h\u00e4ufigsten<\/span><br \/><span style=\"font-family: Verdana, Geneva; font-size: 10pt;\"> verwendeten Befehle direkt auf dem Cursor und <\/span><span style=\"font-family: Verdana, Geneva; font-size: 10pt;\">verringert so Klicks auf ein Minimum.<\/span><\/p>\n<p><span style=\"font-family: Verdana, Geneva; font-size: 10pt;\">\u00a0<\/span><\/p>\n<p><span style=\"font-family: Verdana, Geneva; font-size: 10pt;\">BricsCAD\u00ae-Software\u00a0ist Applikationsf\u00e4hig! ACAD-BAU\u00ae ist nun nicht mehr auf AutoCad\u00a9\u00a0Plattformen angewiesen, sondern l\u00e4uft auch auf Bricscad. Somit ist BricsCAD\u00ae-Software eine preisg\u00fcstige Alternative.\u00a0Immer mehr Kunden setzten auf BricsCAD\u00ae-Software um Ihre Planungen effektiv durchf\u00fchren zu k\u00f6nnen.<\/span><\/p>\n<p>N\u00fctzliche Informationen rund um BricsCAD und den <u>Austausch mit anderen BricsCAD Usern finden Sie in der BricsCAD Community unter <a href=\"https:\/\/cadshop.de\/cad-software?utm_source=cad-news&amp;utm_medium=Banner&amp;utm_campaign=300x250\" target=\"_blank\" rel=\"noopener noreferrer\">https:\/\/cad-deutschland.de<\/a><\/u>.<\/p>\n<h1><a href=\"https:\/\/www.bricsys.com\/de-de\/bricscad-pro\/\" target=\"_blank\" rel=\"noopener noreferrer\"><span style=\"font-family: Verdana, Geneva;\">BricsCAD V26<\/span><\/a><\/h1>\n<p><span style=\"font-family: Verdana, Geneva;\">\u00a0Wir erstellen Ihnen gerne ein Angebot und beraten Sie<\/span><\/p>\n<\/div>\n<\/div>\n<\/div>\n\n\n<p><\/p>\n","protected":false},"excerpt":{"rendered":"<p>Bricscad V26 Voll funktionsf\u00e4hige .dwg CAD Software mit fortschrittlichen 2D \/3D Werkzeugen. Die BricsCAD\u00ae-Software funktioniert reibungslos in gemischten Umgebungen und bietet Anwendern eine sehr \u00fcbersichtliche Benutzeroberfl\u00e4che, die f\u00fcr reibungslose Koexistenz oder einfachen \u00dcbergang sorgt. Die vertraute Benutzeroberfl\u00e4che enth\u00e4lt einheitliche Namen f\u00fcr Befehle und Variablen, und vertraute Tastatureingaben f\u00fcr Verkn\u00fcpfungen. Standard-Templates, Baustein-Bibliotheken, Linientypen und Schriftarten des&hellip;&nbsp;<a href=\"https:\/\/www.cadschwanner.de\/?page_id=581\" class=\"\" rel=\"bookmark\">Weiterlesen &raquo;<span class=\"screen-reader-text\">Bricscad 26<\/span><\/a><\/p>\n","protected":false},"author":1,"featured_media":0,"parent":0,"menu_order":3,"comment_status":"closed","ping_status":"closed","template":"","meta":{"_monsterinsights_skip_tracking":false,"_monsterinsights_sitenote_active":false,"_monsterinsights_sitenote_note":"","_monsterinsights_sitenote_category":0,"_uf_show_specific_survey":0,"_uf_disable_surveys":false,"neve_meta_sidebar":"","neve_meta_container":"","neve_meta_enable_content_width":"off","neve_meta_content_width":70,"neve_meta_title_alignment":"","neve_meta_author_avatar":"","neve_post_elements_order":"","neve_meta_disable_header":"","neve_meta_disable_footer":"","neve_meta_disable_title":"","footnotes":""},"class_list":["post-581","page","type-page","status-publish","hentry"],"_links":{"self":[{"href":"https:\/\/www.cadschwanner.de\/index.php?rest_route=\/wp\/v2\/pages\/581","targetHints":{"allow":["GET"]}}],"collection":[{"href":"https:\/\/www.cadschwanner.de\/index.php?rest_route=\/wp\/v2\/pages"}],"about":[{"href":"https:\/\/www.cadschwanner.de\/index.php?rest_route=\/wp\/v2\/types\/page"}],"author":[{"embeddable":true,"href":"https:\/\/www.cadschwanner.de\/index.php?rest_route=\/wp\/v2\/users\/1"}],"replies":[{"embeddable":true,"href":"https:\/\/www.cadschwanner.de\/index.php?rest_route=%2Fwp%2Fv2%2Fcomments&post=581"}],"version-history":[{"count":43,"href":"https:\/\/www.cadschwanner.de\/index.php?rest_route=\/wp\/v2\/pages\/581\/revisions"}],"predecessor-version":[{"id":1480,"href":"https:\/\/www.cadschwanner.de\/index.php?rest_route=\/wp\/v2\/pages\/581\/revisions\/1480"}],"wp:attachment":[{"href":"https:\/\/www.cadschwanner.de\/index.php?rest_route=%2Fwp%2Fv2%2Fmedia&parent=581"}],"curies":[{"name":"wp","href":"https:\/\/api.w.org\/{rel}","templated":true}]}}