{"id":763,"date":"2015-10-02T09:23:36","date_gmt":"2015-10-02T09:23:36","guid":{"rendered":"https:\/\/www.cadschwanner.de\/?page_id=763"},"modified":"2019-03-20T11:27:25","modified_gmt":"2019-03-20T11:27:25","slug":"agb","status":"publish","type":"page","link":"https:\/\/www.cadschwanner.de\/?page_id=763","title":{"rendered":"AGB"},"content":{"rendered":"<p><span style=\"font-family: Verdana, Geneva; font-size: 10pt;\"><strong>\u00a0<\/strong><\/span><\/p>\n<p><span style=\"font-family: Verdana, Geneva; font-size: 10pt;\"><strong>Allgemeine Gesch\u00e4ftsbedingungen<\/strong><\/span><\/p>\n<p><span style=\"font-family: Verdana, Geneva; font-size: 10pt;\">Allgemeine Gesch\u00e4ftsbedingungen der Firma CADSCHWANNER, Abt-Castus Stra\u00dfe 6b in 49456 Bakum, vertreten durch den Inhaber Matthias Schwanner<\/span><\/p>\n<p><span style=\"font-family: Verdana, Geneva; font-size: 10pt;\">Stand: Februar 2012<\/span><\/p>\n<ol>\n<li><span style=\"font-family: Verdana, Geneva; font-size: 10pt;\"><strong> Geltungsbereich<\/strong><\/span><br \/>\n<span style=\"font-family: Verdana, Geneva; font-size: 10pt;\"> Auftr\u00e4ge werden zu den nachfolgenden Bedingungen ausgef\u00fchrt. Abweichende Regelungen bed\u00fcrfen der Schriftform. Angebote sind stets freibleibend und werden erst durch unsere Auftragsbest\u00e4tigungen verbindlich. Angegebene Preise sind, wenn nichts anderes erw\u00e4hnt ist, Preise, die keine Mehrwertsteuer enthalten.<\/span><\/li>\n<li><span style=\"font-family: Verdana, Geneva; font-size: 10pt;\"><strong> Eigentumsvorbehalt<\/strong><\/span><br \/>\n<span style=\"font-family: Verdana, Geneva; font-size: 10pt;\"> Die bestellten und gelieferten Waren bleiben bis zur vollen Bezahlung des\u00a0 vereinbarten Preises unser Eigentum.<\/span><\/li>\n<li><span style=\"font-family: Verdana, Geneva; font-size: 10pt;\"><strong> Lieferungen\/Leistungen<\/strong><\/span><br \/>\n<span style=\"font-family: Verdana, Geneva; font-size: 10pt;\"> Lieferungen gelten ab Bakum, soweit nichts anderes vereinbart worden ist. Die Lieferfristen sind, soweit nichts anderes vereinbart worden ist, ann\u00e4hernd und unverbindlich. Kann ein Teil eines vereinbarten Lieferumfangs aus Gr\u00fcnden, die CADSCHWANNER \u00a0nicht zu vertreten hat, nicht oder nicht rechtzeitig geliefert werden, bleibt die \u00fcbrige Lieferung davon unber\u00fchrt.<\/span><\/li>\n<li><span style=\"font-family: Verdana, Geneva; font-size: 10pt;\"><strong> Zahlungen<\/strong><\/span><br \/>\n<span style=\"font-family: Verdana, Geneva; font-size: 10pt;\"> Die Zahlungen haben bei Lieferung und ohne Abzug zu erfolgen, sofern nichts anderes vereinbart ist. F\u00fcr Auftr\u00e4ge und Lieferungen \u00fcber einer Nettoauftragssumme von 10.000,- \u20ac und dar\u00fcber\u00a0 gelten folgende Zahlungsbedingungen: 50 % bei Auftragserteilung, 50 % sofort bei Lieferung.<\/span><br \/>\n<span style=\"font-family: Verdana, Geneva; font-size: 10pt;\"> Teillieferungen k\u00f6nnen gesondert in Rechnung gestellt werden.<\/span><\/li>\n<li><span style=\"font-family: Verdana, Geneva; font-size: 10pt;\"><strong> Gew\u00e4hrleistungen<\/strong><\/span><br \/>\n<span style=\"font-family: Verdana, Geneva; font-size: 10pt;\"> Die gelieferte Software entspricht dem jeweiligen Stand der Entwicklung und\u00a0ist mit der gebotenen Sorgfalt und Fachkenntnis erstellt. Die Parteien sind sich bewusst, dass es nach dem Stand der Technik nicht m\u00f6glich ist, jeglichen Fehler der Software unter allen Anwendungsbedingungen auszuschlie\u00dfen.\u00a0 Vorbehaltlich etwaiger ausdr\u00fccklicher zugesicherter Eigenschaften beschr\u00e4nkt sich die Gew\u00e4hrleistung von CADSCHWANNER daher darauf, dass die Eigenschaften der Software sowie deren Funktion der allgemeinen Produktbeschreibung entsprechen.<\/span><br \/>\n<span style=\"font-family: Verdana, Geneva; font-size: 10pt;\"> Sollten Programmfehler auftreten, sind diese direkt beim Lizenzgeber zu reklamieren. F\u00fcr Softwareinstallationen auf nicht von uns gelieferter Hardware \u00fcbernehmen wir f\u00fcr die Lauff\u00e4higkeit der Programme und der angeschlossenen Ger\u00e4te die Garantie unter der Voraussetzung, dass die schon eingesetzte Hard- und Software mit den von uns gelieferten Produkten kompatibel ist.<\/span><br \/>\n<span style=\"font-family: Verdana, Geneva; font-size: 10pt;\"> F\u00fcr den Kunden erkennbare M\u00e4ngel sind innerhalb einer Woche nach Erhalt der Ware gegen\u00fcber CADSCHWANNER zu r\u00fcgen, anderenfalls sind Gew\u00e4hrleistungsanspr\u00fcche des Kunden ausgeschlossen.<\/span><\/li>\n<li><span style=\"font-family: Verdana, Geneva; font-size: 10pt;\"><strong> Lizenzbestimmungen<\/strong><\/span><br \/>\n<span style=\"font-family: Verdana, Geneva; font-size: 10pt;\"> Es gelten die Lizenzbestimmungen der jeweiligen Lizenzgeber gem\u00e4\u00df den Urheberschutzgesetzen. Dieses sind im Wesentlichen: Beim Kauf der Programme erwirbt der K\u00e4ufer (Lizenznehmer) das\u00a0einfache Nutzungsrecht f\u00fcr die Programme. Das Eigentum und die Urheberrechte f\u00fcr die Software gehen nicht auf den Lizenznehmer \u00fcber. Die Lizenz wird zur Nutzung auf jeweils nur einem Computerarbeitsplatz erstellt.\u00a0F\u00fcr jeden weiteren Arbeitsplatz ist ein weiterer Vertrag notwendig.<\/span><br \/>\n<span style=\"font-family: Verdana, Geneva; font-size: 10pt;\"> Die Software und die Dokumentation darf vom Lizenznehmer weder ganz noch auszugsweise kopiert werden. Ausnahme: von der Software d\u00fcrfen Kopien f\u00fcr Sicherung- und Archivierungszwecke angefertigt werden. Der Lizenznehmer darf an der Software keine \u00c4nderungen vornehmen oder durch Dritte vornehmen lassen. Der Lizenznehmer verpflichtet sich sicherzustellen, dass seine Mitarbeiter oder\u00a0sonstige seiner Weisung unterstehende Personen, die Zugang zu den Programmen haben, alle Schutz- und Sorgfaltspflichten\u00a0aus den Lizenzbestimmungen einhalten.<\/span><\/li>\n<li><span style=\"font-family: Verdana, Geneva; font-size: 10pt;\"><strong> Haftung<\/strong><\/span><\/li>\n<\/ol>\n<p><span style=\"font-family: Verdana, Geneva; font-size: 10pt;\">CADSCHWANNER \u00fcbernimmt keine Haftung f\u00fcr Sch\u00e4den, die durch den Einsatz der gelieferten Software bzw. durch die Anwendung der Programme entstehen. Ebenso ist eine Haftung f\u00fcr entgangenen Gewinn, f\u00fcr Sch\u00e4den an den gespeicherten Daten oder deren Verlust sowie f\u00fcr\u00a0 andere mittelbare bzw. Folgesch\u00e4den ausgeschlossen.<\/span><\/p>\n<ol start=\"8\">\n<li><span style=\"font-family: Verdana, Geneva; font-size: 10pt;\"><strong> Sonstiges<\/strong><\/span><br \/>\n<span style=\"font-family: Verdana, Geneva; font-size: 10pt;\"> Technische \u00c4nderungen sind, insoweit sie der Produktverbesserung dienen, vorbehalten und k\u00f6nnen ohne Ank\u00fcndigung durch den Lieferanten vorgenommen werden, soweit sich der Preis\u00a0 nicht \u00e4ndert. Ansonsten bed\u00fcrfen sie der Best\u00e4tigung durch den Auftraggeber.<\/span><\/li>\n<\/ol>\n<ol start=\"9\">\n<li><span style=\"font-family: Verdana, Geneva; font-size: 10pt;\"><strong>Lernmaterial und Workshops<\/strong><\/span><\/li>\n<\/ol>\n<p><span style=\"font-family: Verdana, Geneva; font-size: 10pt;\">Die von CADSCHWANNER bereitgestellten Lernmittel und Tutorials dienen dem Erlernen der Grundfunktion der von CADSCHWANNER vertriebenen Software. Es besteht \u00a0kein Anspruch auf Vollst\u00e4ndigkeit oder Aktualit\u00e4t.<\/span><br \/>\n<span style=\"font-family: Verdana, Geneva; font-size: 10pt;\"> Ebenso dienen Workshops und Schulungen dem Training. Es besteht kein Anspruch auf vollst\u00e4ndige Dokumentation oder Erkl\u00e4rung der Software, noch lassen sich irgendwelche\u00a0 Anspr\u00fcche daraus herleiten.<\/span><\/p>\n<ol start=\"10\">\n<li><span style=\"font-family: Verdana, Geneva; font-size: 10pt;\"><strong> Angebote<\/strong><\/span><\/li>\n<\/ol>\n<p><span style=\"font-family: Verdana, Geneva; font-size: 10pt;\">Soweit nicht anders ausgewiesen, liegt die G\u00fcltigskeitsdauer von Angeboten bei 4 Wochen. Ma\u00dfgebend ist hierbei das Angebotsdatum. Technische \u00c4nderungen und Irrt\u00fcmer beh\u00e4lt sich CADSCHWANNER bei allen Angeboten, auch wenn nicht explizit erw\u00e4hnt, vor.\u00a0<\/span><\/p>\n<p><span style=\"font-family: Verdana, Geneva; font-size: 10pt;\"><strong>Erf\u00fcllungsort und Gerichtsstand ist Vechta<\/strong><\/span><\/p>\n","protected":false},"excerpt":{"rendered":"<p>\u00a0 Allgemeine Gesch\u00e4ftsbedingungen Allgemeine Gesch\u00e4ftsbedingungen der Firma CADSCHWANNER, Abt-Castus Stra\u00dfe 6b in 49456 Bakum, vertreten durch den Inhaber Matthias Schwanner Stand: Februar 2012 Geltungsbereich Auftr\u00e4ge werden zu den nachfolgenden Bedingungen ausgef\u00fchrt. Abweichende Regelungen bed\u00fcrfen der Schriftform. Angebote sind stets freibleibend und werden erst durch unsere Auftragsbest\u00e4tigungen verbindlich. Angegebene Preise sind, wenn nichts anderes erw\u00e4hnt ist,&hellip;&nbsp;<a href=\"https:\/\/www.cadschwanner.de\/?page_id=763\" class=\"\" rel=\"bookmark\">Weiterlesen &raquo;<span class=\"screen-reader-text\">AGB<\/span><\/a><\/p>\n","protected":false},"author":1,"featured_media":0,"parent":0,"menu_order":0,"comment_status":"closed","ping_status":"closed","template":"","meta":{"_monsterinsights_skip_tracking":false,"_monsterinsights_sitenote_active":false,"_monsterinsights_sitenote_note":"","_monsterinsights_sitenote_category":0,"_uf_show_specific_survey":0,"_uf_disable_surveys":false,"neve_meta_sidebar":"","neve_meta_container":"","neve_meta_enable_content_width":"","neve_meta_content_width":70,"neve_meta_title_alignment":"","neve_meta_author_avatar":"","neve_post_elements_order":"","neve_meta_disable_header":"","neve_meta_disable_footer":"","neve_meta_disable_title":"","footnotes":""},"class_list":["post-763","page","type-page","status-publish","hentry"],"_links":{"self":[{"href":"https:\/\/www.cadschwanner.de\/index.php?rest_route=\/wp\/v2\/pages\/763","targetHints":{"allow":["GET"]}}],"collection":[{"href":"https:\/\/www.cadschwanner.de\/index.php?rest_route=\/wp\/v2\/pages"}],"about":[{"href":"https:\/\/www.cadschwanner.de\/index.php?rest_route=\/wp\/v2\/types\/page"}],"author":[{"embeddable":true,"href":"https:\/\/www.cadschwanner.de\/index.php?rest_route=\/wp\/v2\/users\/1"}],"replies":[{"embeddable":true,"href":"https:\/\/www.cadschwanner.de\/index.php?rest_route=%2Fwp%2Fv2%2Fcomments&post=763"}],"version-history":[{"count":2,"href":"https:\/\/www.cadschwanner.de\/index.php?rest_route=\/wp\/v2\/pages\/763\/revisions"}],"predecessor-version":[{"id":1024,"href":"https:\/\/www.cadschwanner.de\/index.php?rest_route=\/wp\/v2\/pages\/763\/revisions\/1024"}],"wp:attachment":[{"href":"https:\/\/www.cadschwanner.de\/index.php?rest_route=%2Fwp%2Fv2%2Fmedia&parent=763"}],"curies":[{"name":"wp","href":"https:\/\/api.w.org\/{rel}","templated":true}]}}