{"id":891,"date":"2018-05-23T06:58:51","date_gmt":"2018-05-23T06:58:51","guid":{"rendered":"https:\/\/www.cadschwanner.de\/?page_id=891"},"modified":"2018-07-27T07:49:21","modified_gmt":"2018-07-27T07:49:21","slug":"datenschutzerklaerung","status":"publish","type":"page","link":"https:\/\/www.cadschwanner.de\/?page_id=891","title":{"rendered":"Datenschutz"},"content":{"rendered":"<p>&nbsp;<\/p>\n<p>Datenschutzinformation<\/p>\n<p>Datenschutzinformation cadschwanner<br \/>\nAbt-Castus Stra\u00dfe 6b, 49456 Bakum<br \/>\nvertreten durch den Inhaber Matthias Schwanner<br \/>\nStand: Mai 2018<\/p>\n<p>Im Falle eines Vertragsabschlusses erheben und verarbeiten wir Ihre von Ihnen uns zur Verf\u00fcgung gestellten personenbezogenen Daten in unserem System und nutzen diese f\u00fcr die Dauer der Vertragsabwicklung, d.h. f\u00fcr die Auftragsabwicklung sowie Abrechnung. Personenbezogene Daten sind alle Informationen aufgrund deren eine Person direkt oder indirekt identifiziert werden kann, z.B. Name, Wohnanschrift, E-Mail-Adresse, Geburtsdatum, Beruf, Kontoverbindung etc..<\/p>\n<p>F\u00fcr Zwecke der Werbung, der Marktforschung sowie zur bedarfsgerechten Gestaltung unseres Angebotes erstellen und verwenden wir anonymisierte Nutzungsprofile. Hiergegen steht Ihnen ein Widerspruchsrecht zu, dass sie gegen\u00fcber uns jederzeit durch Erkl\u00e4rung, Sendung einer E-Mail an uns aus\u00fcben k\u00f6nnen.<\/p>\n<p>Wir teilen Ihnen unentgeltlich Auskunft \u00fcber ihre bei uns gespeicherten personenbezogenen Daten.<\/p>\n<p>Sie k\u00f6nnen uns jederzeit um die Berichtigung, L\u00f6schung und Sperrung Ihrer bei uns gespeicherten personenbezogenen Daten ersuchen.<\/p>\n<p>Wir geben zum Zwecke und f\u00fcr die Dauer der Bonit\u00e4tspr\u00fcfung und Vermeidung von Zahlungsausf\u00e4llen Ihre hierf\u00fcr erforderlichen, personenbezogenen Daten an das von uns hierzu beauftragte Unternehmen, z.B. Creditreform. Wir geben zum Zweck und f\u00fcr die Dauer der Versendung der Ware Ihre hief\u00fcr erforderlichen personenbezogenen Daten an die von uns beauftragten Versendungsunternehmen.<\/p>\n<p>Internet<\/p>\n<p>Beim Besuch dieser Seite verzeichnet der Web-Server automatisch Log-Files, die keiner bestimmten Person zugeordnet werden k\u00f6nnen. Diese Daten beinhalten z. B. den Browsertyp und -version, verwendetes Betriebssystem, Referrer URL (die zuvor besuchte Seite), IP-Adresse des anfragenden Rechners, Zugriffsdatum und -uhrzeit der Serveranfrage und die Dateianfrage des Client (Dateiname und URL). Diese Daten werden nur zum Zweck der statistischen Auswertung gesammelt. Eine Weitergabe an Dritte, zu kommerziellen oder nichtkommerziellen Zwecken, findet nicht statt.<\/p>\n<p>Diese Website benutzt Google Analytics, einen Webanalysedienst der Google Inc. (\u201eGoogle\u201c). Google Analytics verwendet sog. \u201eCookies\u201c, d. h. Textdateien, die auf Ihrem Computer gespeichert werden und die eine Analyse der Benutzung der Website durch Sie erm\u00f6glicht. Die durch den Cookie erzeugten Informationen \u00fcber Ihre Benutzung diese Website (einschlie\u00dflich Ihrer IP-Adresse) wird an einen Server von Google in den USA \u00fcbertragen und dort gespeichert. Google wird diese Informationen benutzen, um Ihre Nutzung der Website auszuwerten, um Reports \u00fcber die Websiteaktivit\u00e4ten f\u00fcr die Websitebetreiber zusammenzustellen und um weitere mit der Websitenutzung und der Internetnutzung verbundene Dienstleistungen zu erbringen. Auch wird Google diese Informationen gegebenenfalls an Dritte \u00fcbertragen, sofern dies gesetzlich vorgeschrieben oder soweit Dritte diese Daten im Auftrag von Google verarbeiten. Google wird in keinem Fall Ihre IP-Adresse mit anderen Daten der Google in Verbindung bringen. Sie k\u00f6nnen die Installation der Cookies durch eine entsprechende Einstellung Ihrer Browser Software verhindern; wir weisen Sie jedoch darauf hin, dass Sie in diesem Fall gegebenenfalls nicht s\u00e4mtliche Funktionen dieser Website voll umf\u00e4nglich nutzen k\u00f6nnen. Durch die Nutzung dieser Website erkl\u00e4ren Sie sich mit der Bearbeitung der \u00fcber Sie erhobenen Daten durch Google in der zuvor beschriebenen Art und Weise und zu dem zuvor benannten Zweck einverstanden.<\/p>\n<p>Wir werden diese Richtlinien zum Schutz Ihrer pers\u00f6nlichen Daten von Zeit zu Zeit aktualisieren. Sie sollten sich diese Richtlinien gelegentlich ansehen, um auf dem Laufenden dar\u00fcber zu bleiben, wie wir Ihre Daten sch\u00fctzen und die Inhalte unserer Website stetig verbessern. Sollten wir wesentliche \u00c4nderungen bei der Sammlung, der Nutzung und\/oder der Weitergabe der uns von Ihnen zur Verf\u00fcgung gestellten personenbezogenen Daten vornehmen, werden wir Sie durch einen eindeutigen und gut sichtbaren Hinweis auf der Website darauf aufmerksam machen. Mit der Nutzung der Webseite erkl\u00e4ren Sie sich mit den Bedingungen dieser Richtlinien zum Schutz pers\u00f6nlicher Daten einverstanden.<\/p>\n<p>Deaktivierungslink (zum erneuten aktivieren, nochmals klicken!)<\/p>\n<h3><a href=\"javascript:gaoo_handle_optout();\" id=\"gaoo-link\" class=\"gaoo-link-deactivate\">Verbiete Google Analytics, mich zu verfolgen<\/a><\/h3>\n","protected":false},"excerpt":{"rendered":"<p>&nbsp; Datenschutzinformation Datenschutzinformation cadschwanner Abt-Castus Stra\u00dfe 6b, 49456 Bakum vertreten durch den Inhaber Matthias Schwanner Stand: Mai 2018 Im Falle eines Vertragsabschlusses erheben und verarbeiten wir Ihre von Ihnen uns zur Verf\u00fcgung gestellten personenbezogenen Daten in unserem System und nutzen diese f\u00fcr die Dauer der Vertragsabwicklung, d.h. f\u00fcr die Auftragsabwicklung sowie Abrechnung. Personenbezogene Daten sind&hellip;&nbsp;<a href=\"https:\/\/www.cadschwanner.de\/?page_id=891\" class=\"\" rel=\"bookmark\">Weiterlesen &raquo;<span class=\"screen-reader-text\">Datenschutz<\/span><\/a><\/p>\n","protected":false},"author":1,"featured_media":0,"parent":0,"menu_order":0,"comment_status":"closed","ping_status":"closed","template":"","meta":{"_monsterinsights_skip_tracking":false,"_monsterinsights_sitenote_active":false,"_monsterinsights_sitenote_note":"","_monsterinsights_sitenote_category":0,"_uf_show_specific_survey":0,"_uf_disable_surveys":false,"neve_meta_sidebar":"","neve_meta_container":"","neve_meta_enable_content_width":"","neve_meta_content_width":0,"neve_meta_title_alignment":"","neve_meta_author_avatar":"","neve_post_elements_order":"","neve_meta_disable_header":"","neve_meta_disable_footer":"","neve_meta_disable_title":"","footnotes":""},"class_list":["post-891","page","type-page","status-publish","hentry"],"_links":{"self":[{"href":"https:\/\/www.cadschwanner.de\/index.php?rest_route=\/wp\/v2\/pages\/891","targetHints":{"allow":["GET"]}}],"collection":[{"href":"https:\/\/www.cadschwanner.de\/index.php?rest_route=\/wp\/v2\/pages"}],"about":[{"href":"https:\/\/www.cadschwanner.de\/index.php?rest_route=\/wp\/v2\/types\/page"}],"author":[{"embeddable":true,"href":"https:\/\/www.cadschwanner.de\/index.php?rest_route=\/wp\/v2\/users\/1"}],"replies":[{"embeddable":true,"href":"https:\/\/www.cadschwanner.de\/index.php?rest_route=%2Fwp%2Fv2%2Fcomments&post=891"}],"version-history":[{"count":5,"href":"https:\/\/www.cadschwanner.de\/index.php?rest_route=\/wp\/v2\/pages\/891\/revisions"}],"predecessor-version":[{"id":907,"href":"https:\/\/www.cadschwanner.de\/index.php?rest_route=\/wp\/v2\/pages\/891\/revisions\/907"}],"wp:attachment":[{"href":"https:\/\/www.cadschwanner.de\/index.php?rest_route=%2Fwp%2Fv2%2Fmedia&parent=891"}],"curies":[{"name":"wp","href":"https:\/\/api.w.org\/{rel}","templated":true}]}}